9070 is divided by 32?
30
Calculate the remainder when 54435 is divided by 707.
703
What is the remainder when 136824 is divided by 207?
204
What is the remainder when 842 is divided by 162?
32
Calculate the remainder when 493 is divided by 150.
43
Calculate the remainder when 13760 is divided by 6879.
2
What is the remainder when 4384367 is divided by 24?
23
What is the remainder when 100777 is divided by 12?
1
Calculate the remainder when 15656 is divided by 23.
16
Calculate the remainder when 12581 is divided by 104.
101
Calculate the remainder when 47175 is divided by 15688.
111
What is the remainder when 4970 is divided by 503?
443
What is the remainder when 7990 is divided by 67?
17
What is the remainder when 20582 is divided by 61?
25
What is the remainder when 276093 is divided by 259?
258
What is the remainder when 1392236 is divided by 278447?
1
What is the remainder when 59617 is divided by 542?
539
Calculate the remainder when 3012 is divided by 60.
12
What is the remainder when 1753 is divided by 1726?
27
Calculate the remainder when 619096 is divided by 737.
16
Calculate the remainder when 81014 is divided by 294.
164
What is the remainder when 2351 is divided by 19?
14
Calculate the remainder when 274 is divided by 266.
8
What is the remainder when 42044 is divided by 739?
660
Calculate the remainder when 70027 is divided by 251.
249
What is the remainder when 7928 is divided by 353?
162
Calculate the remainder when 238905 is divided by 6.
3
What is the remainder when 1067 is divided by 103?
37
What is the remainder when 373742 is divided by 47?
45
What is the remainder when 43125 is divided by 2156?
5
Calculate the remainder when 4311 is divided by 189.
153
Calculate the remainder when 2852 is divided by 1366.
120
Calculate the remainder when 1439 is divided by 20.
19
Calculate the remainder when 93828 is divided by 120.
108
What is the remainder when 2520 is divided by 448?
280
Calculate the remainder when 24148 is divided by 15.
13
What is the remainder when 19251 is divided by 623?
561
Calculate the remainder when 6502 is divided by 185.
27
Calculate the remainder when 200269 is divided by 958.
47
What is the remainder when 69771 is divided by 401?
398
What is the remainder when 574872 is divided by 7?
4
What is the remainder when 680718 is divided by 41?
36
What is the remainder when 14754 is divided by 15?
9
Calculate the remainder when 3242 is divided by 1028.
158
Calculate the remainder when 2084 is divided by 688.
20
What is the remainder when 7927 is divided by 1235?
517
Calculate the remainder when 469 is divided by 98.
77
Calculate the remainder when 1268 is divided by 189.
134
What is the remainder when 1127 is divided by 87?
83
What is the remainder when 154151 is divided by 286?
283
What is the remainder when 159008 is divided by 63?
59
Calculate the remainder when 3436 is divided by 1133.
37
What is the remainder when 127120 is divided by 235?
220
Calculate the remainder when 6662 is divided by 155.
152
What is the remainder when 3217 is divided by 3181?
36
Calculate the remainder when 213170 is divided by 234.
230
What is the remainder when 855150 is divided by 194?
192
What is the remainder when 17277 is divided by 392?
29
Calculate the remainder when 18425 is divided by 17.
14
Calculate the remainder when 12651 is divided by 274.
47
What is the remainder when 5481 is divided by 1932?
1617
What is the remainder when 157485 is divided by 17494?
39
Calculate the remainder when 145530 is divided by 96.
90
What is the remainder when 1422112 is divided by 10?
2
What is the remainder when 6093 is divided by 863?
52
What is the remainder when 11046 is divided by 1371?
78
What is the remainder when 26454 is divided by 144?
102
Calculate the remainder when 24187 is divided by 260.
7
Calculate the remainder when 2652 is divided by 349.
209
Calculate the remainder when 31595 is divided by 181.
101
What is the remainder when 9799 is divided by 645?
124
What is the remainder when 1802 is divided by 367?
334
Calculate the remainder when 179204 is divided by 164.
116
What is the remainder when 338841 is divided by 22?
19
What is the remainder when 1306 is divided by 426?
28
What is the remainder when 2740 is divided by 1044?
652
Calculate the remainder when 2263 is divided by 342.
211
What is the remainder when 1579 is divided by 157?
9
What is the remainder when 134795 is divided by 124?
7
What is the remainder when 340973 is divided by 9?
8
What is the remainder when 85499 is divided by 151?
33
What is the remainder when 5652 is divided by 1514?
1110
Calculate the remainder when 42276 is divided by 14086.
18
What is the remainder when 647126 is divided by 74?
70
Calculate the remainder when 20009 is divided by 143.
132
Calculate the remainder when 959 is divided by 442.
75
What is the remainder when 3092 is divided by 1182?
728
Calculate the remainder when 356081 is divided by 43.
41
Calculate the remainder when 2258 is divided by 117.
35
What is the remainder when 119097 is divided by 2291?
2256
What is the remainder when 7277 is divided by 683?
447
What is the remainder when 33646 is divided by 3?
1
Calculate the remainder when 493948 is divided by 8.
4
Calculate the remainder when 71882 is divided by 421.
312
Calculate the remainder when 51320 is divided by 380.
20
Calculate the remainder when 63600 is divided by 6358.
20
What is the remainder when 1367699 is divided by 731?
729
Calculate the remainder when 17684 is divided by 29.
23
Calculate the remainder when 4830 is divided by 407.
353
Calculate the remainder when 18228 is divided by 54.
30
What is the remainder when 161909 is divided by 630?
629
Calculate the remainder when 1255669 is divided by 283.
281
Calculate the remainder when 130440 is divided by 16301.
32
Calculate the remainder when 2255 is divided by 273.
71
Calculate the remainder when 54302 is divided by 18024.
230
What is the remainder when 3949 is divided by 1305?
34
What is the remainder when 5272 is divided by 1045?
47
What is the remainder when 3412 is divided by 552?
100
What is the remainder when 54378 is divided by 13?
12
Calculate the remainder when 386 is divided by 49.
43
What is the remainder when 54814 is divided by 27327?
160
What is the remainder when 95084 is divided by 56?
52
What is the remainder when 170938 is divided by 1346?
1342
Calculate the remainder when 1648 is divided by 538.
34
Calculate the remainder when 29968 is divided by 90.
88
Calculate the remainder when 4341 is divided by 240.
21
What is the remainder when 45708 is divided by 556?
116
What is the remainder when 123227 is divided by 2285?
2122
Calculate the remainder when 181255 is divided by 318.
313
What is the remainder when 12109 is divided by 7?
6
What is the remainder when 9081 is divided by 956?
477
Calculate the remainder when 5754 is divided by 410.
14
Calculate the remainder when 644 is divided by 67.
41
Calculate the remainder when 205565 is divided by 22.
19
Calculate the remainder when 884 is divided by 9.
2
Calculate the remainder when 11147 is divided by 2782.
19
Calculate the remainder when 17755 is divided by 239.
69
Calculate the remainder when 1013 is divided by 992.
21
Calculate the remainder when 3689 is divided by 24.
17
Calculate the remainder when 3106 is divided by 84.
82
What is the remainder when 603392 is divided by 29?
18
Calculate the remainder when 4887 is divided by 117.
90
What is the remainder when 537849 is divided by 69?
63
What is the remainder when 3865 is divided by 360?
265
Calculate the remainder when 7601 is divided by 379.
21
Calculate the remainder when 7849 is divided by 165.
94
Calculate the remainder when 30898 is divided by 7720.
18
Calculate the remainder when 17647 is divided by 5869.
40
Calculate the remainder when 15202 is divided by 266.
40
What is the remainder when 247474 is divided by 25?
24
Calculate the remainder when 3005 is divided by 365.
85
What is the remainder when 8741 is divided by 2844?
209
Calculate the remainder when 1562 is divided by 330.
242
What is the remainder when 20369 is divided by 3944?
649
Calculate the remainder when 15447 is divided by 129.
96
What is the remainder when 94959 is divided by 422?
9
Calculate the remainder when 211127 is